se -2*u = -6*u - n. Determine i(u).
-9
Let d(n) be the second derivative of 9*n**5/20 + n**4/12 + 26*n. Give d(1).
10
Let g be (2/5)/((-7)/(-175)). Suppose -6*c = -c + g. Let u(p) = -9*p + 1. Let n(o) = -8*o + 1. Let f(a) = -5*n(a) + 4*u(a). What is f(c)?
-9
Let f(t) = 2*t**2 + 13*t + 15. Let h(c) = c**2 + 44*c - 249. Let g be h(5). What is f(g)?
-5
Let b be (-140)/(-420)*(-4)/((-16)/30). Let s(r) be the first derivative of b*r**2 - 9 + 3*r. What is s(-2)?
-7
Let o(t) be the first derivative of t**4/4 + t**3/3 + t**2 + 4*t + 44. What is o(-3)?
-20
Suppose -6*o + 5*o = -5*q + 8, -2*o + 5*q = 11. Let i(c) = -3*c + 2*c + 2*c. Determine i(o).
-3
Let z(l) = l**2 + 10*l + 4. Let p(a) = 3*a**2 + 24*a + 9. Let c(w) = -2*p(w) + 5*z(w). Give c(6).
-22
Let g = 205 - 214. Let m(a) = -2*a - 18. Calculate m(g).
0
Let v(m) = -m**2 - 5*m - 5. Suppose u - 4*u - 9 = 0, 2*c - 4*u = 0. Calculate v(c).
-11
Let d = -11 - -4. Let p = -15 - -23. Let g(z) = 17*z + 3*z - 13*z + p + z**2. Give g(d).
8
Let h(x) = -x**3 - 18*x**2 - 17*x + 4. Let p be 1*(2 + (2 - 21)). What is h(p)?
4
Let x(r) = -r**2 + 8*r - 5. Let a = -31 - -25. Let h(f) = -f**2 + 8*f - 5. Let j(m) = a*h(m) + 7*x(m). Let c be j(7). Let w(z) = -6*z + 2. Calculate w(c).
-10
Let g = 78 - 64. Let s be -17 + g + (1 - 1). Let j(p) = p**2 - 3*p + 4. Determine j(s).
22
Let s(t) = -2*t - t + 2*t + 120 + 129 - 241. Calculate s(-4).
12
Let a = -5 + 7. Let n(p) = -4 + a*p**2 + 0*p - 4*p + 0. What is n(4)?
12
Let d = -197 - -198. Let b(q) = 10*q**3 - q**2 + 2*q - 1. What is b(d)?
10
Let y(m) be the third derivative of -m**6/120 + 7*m**5/15 + 7*m**4/6 + 4*m**3 + 123*m**2. Give y(29).
-5
Suppose -18 = -5*x + 17. Suppose x*b + 32 = -b. Let l(u) = -u**2 - 3*u + 3. Let k(f) = -f**2 - 3*f + 2. Let m(n) = 2*k(n) - 3*l(n). Calculate m(b).
-1
Suppose -20 = h + 5*g, 0 = 3*h + 3*g - 5*g - 25. Let o(n) = -6*n - 2*n**2 - 5*n**2 - h + n**2 + 5*n**2. Give o(-5).
0
Let b(m) = 10*m**2 - 4*m + 4. Suppose 54 - 10 = 44*n. What is b(n)?
10
Let l(q) = q**2 - 7*q - 4. Suppose -21 = -8*t + 19. Suppose 2 = -3*h - 4*r, -t*r - 7 = 3*h - 0*h. Give l(h).
-10
Let y(l) = l**3 - 11*l**2 + 8*l + 10. Let r = -92 + 91. Let p(v) = 10*v**2 - v - 1. Let n be p(r). What is y(n)?
-10
Let l(m) = 39*m**2 - 15*m + 13. Let t be (-2)/(-6) - (-40)/(-3). Let o(j) = 19*j**2 - 7*j + 6. Let c(h) = t*o(h) + 6*l(h). Let g = 1412 + -1413. Calculate c(g).
-14
Let u be (-38)/(-18) + (-3)/27. Let z(x) = x**2 + 0*x + x**2 + 0*x**3 - x + u*x**3. What is z(1)?
3
Let z(y) = 113*y**3 - 71*y**2 + 48*y - 20. Let l(v) = -15*v**3 + 10*v**2 - 7*v + 3. Let p(j) = -15*l(j) - 2*z(j). Determine p(-9).
-5
Let r(q) = q**2 - 10*q - 28. Let a(s) = -2*s**2 + 19*s + 58. Let h(w) = -4*a(w) - 9*r(w). Let l be h(15). Let u(d) = -d**2 + 4*d + 0*d + 2 + 2. Calculate u(l).
-1
Let u(r) = r - 17. Suppose 292 + 194 = 27*k. Determine u(k).
1
Suppose 5*v + q + 3*q = 28, -3*v = 5*q - 22. Suppose -7*i = -17*i + 50. Let l(g) = 3*g - 2*g - v*g + i*g + 7. What is l(-6)?
-5
Let q = -10 - -16. Let b be 8/(-12) + 22/q. Suppose 2*c + 2*r = -r - 17, b*r = -c - 16. Let w(f) = -6*f**2 + f + 1. Determine w(c).
-6
Suppose -r + 2*r - 2 = 3*k, 0 = 4*r + 5*k + 77. Let j(c) = -c**3 - 12*c**2 + 13*c. Let n be j(r). Let s be 3/2*(-2 + n). Let w(v) = v**2 + 8*v + 4. Give w(s).
-11
Let q(k) be the first derivative of -2*k**3/3 - 5*k**2/2 + 3*k + 202. Determine q(3).
-30
Let p(c) = c**2 - 13*c - 18. Suppose -x = 32 - 45. What is p(x)?
-18
Let p(d) = 4 - 67*d + 8 - 1 + 66*d. Suppose -20 = 4*n + 56. Let q = -13 - n. Give p(q).
5
Let v be 16/(144/27)*16/(-6). Let l(k) = -k - 16. Give l(v).
-8
Let s(d) = 7 - 3181*d + d**2 + 0 + 3173*d. Let x be (-30)/(-4)*(-6)/(-9). Give s(x).
-8
Let t(w) be the second derivative of 1 - 1/3*w**3 + 5/2*w**2 + 24*w. What is t(-4)?
13
Let w be (4 - 2)/(-2)*0. Suppose 5*h + 20 = w, c + c = 2*h + 8. Let x(m) = -11*m + 3. Let k(d) = -7*d + 2. Let l(s) = 8*k(s) - 5*x(s). What is l(c)?
1
Let c(k) = k + 2. Suppose 0 = 5*x + 2*z - 18, -4*z = -3*x + 2*x - 14. Suppose -22 = -x*d - 26. Let f = d - 2. Calculate c(f).
-2
Let q(n) = n**2 - 6*n - 6. Let d be (0 - 0) + 0/15. Suppose -3*p + 2*c + 21 = d, -5*p - 3*c + 41 = 6. What is q(p)?
1
Suppose 7*q = 6*q + 13. Suppose -r + q - 15 = 0. Let u(k) = 10*k. Give u(r).
-20
Let j(x) = -x**3 - 4*x**2 - 2*x. Let z(k) = -k. Let r(d) = 18*d + 27. Let m(u) = r(u) + 15*z(u). Let b be m(-10). Determine j(b).
-3
Let f(u) = u - 6. Let x be f(-5). Let y = x - -13. Let o(t) = y*t + 2*t**2 + 2 + 4*t - t**2. Determine o(-6).
2
Let p be 6 + (0 + 2)/(-2). Let o(v) = -7*v**2 - 8*v - 4. Let n(m) = 18*m**2 + 17*m + 7. Let r(b) = -2*n(b) - 5*o(b). Calculate r(p).
11
Let x(q) = 8439 + 3*q - 8444 - 9*q + q**2. Calculate x(6).
-5
Let r(o) = -o**2 - 6*o + 1. Let h = -69 - -93. Suppose -13*x - h = -9*x. Determine r(x).
1
Let i(t) = 2*t**3 + 4*t**2 - t. Suppose -3*k + 21 = -2*j, -4*k - 38 = -58. Give i(j).
-15
Let p(d) = d**3 + d. Let t be 4/(-6)*18/3. Let y be (-5)/15*2 + t/3. Determine p(y).
-10
Suppose 0 = 5*l - 8 - 7. Let x(g) = -3*g**3 - 3*g**2 + 2*g - 9. Let c(a) = 4*a**3 + 2*a**2 - a + 10. Let m(u) = l*x(u) + 2*c(u). Calculate m(-6).
5
Let d(u) = -u**2 - 5*u + 2. Let m(o) = 4*o**2 + 20*o - 8. Suppose -2*n = -n + 2. Let f be -1*(9 - 0/2). Let w(h) = f*d(h) + n*m(h). Determine w(-5).
-2
Let a(t) = t + 12. Let s be (-26)/4 - 11/22. Determine a(s).
5
Let p(k) be the first derivative of k**2 - 4*k - 23. Determine p(6).
8
Let k(x) = -x + 9. Let a(r) = -130*r - 1424. Let g be a(-11). What is k(g)?
3
Let s(b) be the third derivative of -b**4/24 + 106*b**2. Suppose 4*w + 4*q = 8, 3 + 0 = 3*w + 4*q. Suppose w*i = -v - 3, v = -v + 4. Calculate s(i).
1
Let q(c) be the second derivative of c**5/20 + 2*c**4/3 + 11*c**3/6 - 3*c**2/2 - 371*c. Calculate q(-6).
3
Let m(b) = 1. Let a(k) = k + 3. Let p(d) = a(d) + 2*m(d). Let u be (6/(-16)*2)/((-8)/(-64)). Calculate p(u).
-1
Let t(w) be the second derivative of w**3/6 + 2*w**2 - 2*w - 182. Give t(3).
7
Let j be (-2)/12 + (-385)/(-42). Suppose 3*p = -0 + j. Let m(a) = 0*a**p - 5*a + 3*a**2 + 4*a + a**3 - 8*a**2 + 1. What is m(5)?
-4
Let y(l) be the second derivative of -l**4/12 + l**3 - 5*l**2/2 + 2*l + 3. Suppose a = -5*f - 15, a + 5*f + 25 = 2*a. Calculate y(a).
0
Let x(h) = -8*h - 2. Suppose 2*v - r - 6 = -4, -4*v + 4 = -3*r. Determine x(v).
-10
Suppose j + u = -5 + 6, 3*u + 1 = -2*j. Let s(k) = -4*k**2 + 2*k - 2. Let f(i) = 5*i**2 - 3*i + 2. Let c(z) = -3*f(z) - 4*s(z). Determine c(j).
22
Let f(c) = -2*c - 1. Let w = 149 - 150. Determine f(w).
1
Let p(n) = 2*n + 8. Let q(c) = 3 - 9 - 3*c - 1 + 0*c. Let t(h) = 4*p(h) + 3*q(h). Calculate t(10).
1
Suppose 2 = -k + 4*b, k + 10 = 4*k - 4*b. Suppose -9 = -3*f + k, -3*p + 4*f - 17 = 0. Let l(g) = g**3 - g. Calculate l(p).
0
Let p = 0 - -2. Let l(b) = 4*b - 5. Let s be l(p). Suppose 1 = x + s. Let k(t) = -t - 2. What is k(x)?
0
Let i(r) = r**3 + 3*r**2 - 2*r - 1. Let p be i(-3). Let n(l) = 3 - p + 5 - 2*l. Let u be (-1)/(-3)*(12 + -6). Give n(u).
-1
Let p(i) = 33 + 23 + 12*i + 22 + 8 + 4. What is p(-8)?
-6
Let k(m) be the first derivative of 7*m**2/2 + m - 22. Suppose 0 = 2*x - 0*x - 6. Suppose 0 = -4*b - z - x - 2, -4*b = 5*z + 9. What is k(b)?
-6
Let a(u) = -u**3 - 3*u**2 + 13*u + 6. Let f be a(-5). Let h be ((-15)/(-9))/(30/f - -3). Let n(r) = -r**2 - 5*r - 4. Give n(h).
-4
Let l(g) = 8*g + 1. Let z(v) = v**3 + 10*v**2 + 19*v + 10. Let m be z(-9). Let d = 81 + m. Calculate l(d).
9
Let x(c) = -60*c + 351. Let z be x(6). Let n(m) = 3*m + 22. Determine n(z).
-5
Let h(o) = -3*o**2 - 2*o - 1. Let a = 91 + -44. Suppose 3*f + a = 14. Let n = f + 10. Calculate h(n).
-2
Let m be (18 - 29) + (-2 - -9). Let r be (-1 + -1)/((-2)/3). Let y(u) = -2*u + r - u + 5*u. What is y(m)?
-5
Let o(y) = 9*y**3 + 2*y**2 + 8*y + 7. Let x(h) = -h**3 - h - 1. Let w(l) = -o(l) - 6*x(l). Suppose 0 = -5*d - 5*v - 10, -4*d + 0*v = -4*v + 8. Give w(d).
19
Let j(f) = -2*f + 7. Suppose 3*n - 3 = a + 6, n = 4*a + 14. Suppose -g - 5 = -d, -4*d + n*d + 22 = 2*g. Determine j(d).
-9
Suppose 5*u + 4*f + 469 = 0, -f - 279 = 3*u + 2*f. Let k = -102 - u. Let s(p) = -p - 7. What is s(k)?
-2
Let p(l) = l**3 - 5*l**2 - 3*l + 2. Suppose -15 = -3*q - 0. Give p(q).
-13
Let p(g) = 6*g**2 - 2*g. Let y(k) = k**3 + k**2 + 2*k - 2. Let c be y(0). What is p(